{"id":15337,"date":"2024-08-01T11:42:03","date_gmt":"2024-08-01T11:42:03","guid":{"rendered":"https:\/\/s-rooms.devconnect.at\/?post_type=product&#038;p=15337"},"modified":"2026-02-22T13:26:31","modified_gmt":"2026-02-22T12:26:31","slug":"raum-nr-17-raumkombi-ii-red-suite-ii-royal-suite","status":"publish","type":"product","link":"https:\/\/s-rooms.devconnect.at\/?product=raum-nr-17-raumkombi-ii-red-suite-ii-royal-suite","title":{"rendered":"Raum Nr. 17 &#8211; Raumkombi II (Red Suite II + Royal Suite)"},"content":{"rendered":"<p>Bei Stornierung bis 48 Stunden vor Termin, entf\u00e4llt die Stornierungsgeb\u00fchr! Innerhalb der 48 Stunden wird der volle Zimmerpreis in Rechnung gestellt. Wir bitten um euer Verst\u00e4ndnis.<\/p>\n<p>Bitte beachten, dass bei Kreditkartenzahlungen nur das Zimmer verrechnet wird. Etwaige Konsumationen aus der Minibar sind direkt vor Ort (in Bar oder ggf. auch mit Karte) zu begleichen.<\/p>\n","protected":false},"excerpt":{"rendered":"2 Personen inkludiert (jede weitere Person einmalig Eur 20,-)\n3h Raumnutzung inkludiert (jede weitere Stunde Eur 20,-)\n\u00dcbernachtung m\u00f6glich (gerne auf telefonische Anfrage)","protected":false},"featured_media":15336,"template":"","meta":{"_acf_changed":false},"product_brand":[],"product_cat":[334,333,293],"product_tag":[296,297,310,309,298,307,313,312],"class_list":{"0":"post-15337","1":"product","2":"type-product","3":"status-publish","4":"has-post-thumbnail","6":"product_cat-badewanne-befuellen","7":"product_cat-fmaschine","8":"product_cat-raum","9":"product_tag-andreaskreuz","10":"product_tag-bdsm-zubehoer","11":"product_tag-gyn-stuhl","12":"product_tag-optional-buchbare-fmaschine","13":"product_tag-raucherbalkon-terrasse","14":"product_tag-schaumwanne","15":"product_tag-sling","16":"product_tag-spielwiesen-6m2-7m2-und-16m2","18":"first","19":"instock","20":"virtual","21":"sold-individually","22":"taxable","23":"purchasable","24":"product-type-booking"},"acf":[],"_links":{"self":[{"href":"https:\/\/s-rooms.devconnect.at\/index.php?rest_route=\/wp\/v2\/product\/15337","targetHints":{"allow":["GET"]}}],"collection":[{"href":"https:\/\/s-rooms.devconnect.at\/index.php?rest_route=\/wp\/v2\/product"}],"about":[{"href":"https:\/\/s-rooms.devconnect.at\/index.php?rest_route=\/wp\/v2\/types\/product"}],"wp:featuredmedia":[{"embeddable":true,"href":"https:\/\/s-rooms.devconnect.at\/index.php?rest_route=\/wp\/v2\/media\/15336"}],"wp:attachment":[{"href":"https:\/\/s-rooms.devconnect.at\/index.php?rest_route=%2Fwp%2Fv2%2Fmedia&parent=15337"}],"wp:term":[{"taxonomy":"product_brand","embeddable":true,"href":"https:\/\/s-rooms.devconnect.at\/index.php?rest_route=%2Fwp%2Fv2%2Fproduct_brand&post=15337"},{"taxonomy":"product_cat","embeddable":true,"href":"https:\/\/s-rooms.devconnect.at\/index.php?rest_route=%2Fwp%2Fv2%2Fproduct_cat&post=15337"},{"taxonomy":"product_tag","embeddable":true,"href":"https:\/\/s-rooms.devconnect.at\/index.php?rest_route=%2Fwp%2Fv2%2Fproduct_tag&post=15337"}],"curies":[{"name":"wp","href":"https:\/\/api.w.org\/{rel}","templated":true}]}}