{"id":13450,"date":"2024-07-01T12:41:56","date_gmt":"2024-07-01T12:41:56","guid":{"rendered":"https:\/\/s-rooms.devconnect.at\/?page_id=13450"},"modified":"2024-11-06T15:13:57","modified_gmt":"2024-11-06T14:13:57","slug":"kontakt","status":"publish","type":"page","link":"https:\/\/s-rooms.devconnect.at\/?page_id=13450","title":{"rendered":"Kontakt"},"content":{"rendered":"\t\t<div data-elementor-type=\"wp-page\" data-elementor-id=\"13450\" class=\"elementor elementor-13450\" data-elementor-post-type=\"page\">\n\t\t\t\t<div class=\"elementor-element elementor-element-3daa2b9 e-con-full hero-block hero-v1 bg-img-hero-bottom gradient-overlay-half-black-gradient text-center z-index-2 e-flex e-con e-parent\" data-id=\"3daa2b9\" data-element_type=\"container\" data-settings=\"{&quot;background_background&quot;:&quot;classic&quot;}\">\n\t\t<div class=\"elementor-element elementor-element-e260e96 col e-con-full e-flex e-con e-child\" data-id=\"e260e96\" data-element_type=\"container\">\n\t\t\t\t<div class=\"elementor-element elementor-element-a817d0d elementor-widget elementor-widget-google_maps\" data-id=\"a817d0d\" data-element_type=\"widget\" data-widget_type=\"google_maps.default\">\n\t\t\t\t<div class=\"elementor-widget-container\">\n\t\t\t\t\t\t\t<div class=\"elementor-custom-embed\">\n\t\t\t<div class=\"BorlabsCookie _brlbs-cb-googlemaps\"><div class=\"_brlbs-content-blocker\"> <div class=\"_brlbs-embed _brlbs-google-maps\"> <img decoding=\"async\" class=\"_brlbs-thumbnail\" src=\"https:\/\/s-rooms.devconnect.at\/wp-content\/plugins\/borlabs-cookie\/assets\/images\/cb-maps.png\" alt=\"Google Maps\"> <div class=\"_brlbs-caption\"> <p>Mit dem Laden der Karte akzeptieren Sie die Datenschutzerkl\u00e4rung von Google.<br><a href=\"https:\/\/policies.google.com\/privacy\" target=\"_blank\" rel=\"nofollow noopener noreferrer\">Mehr erfahren<\/a><\/p> <p><a class=\"_brlbs-btn\" href=\"#\" data-borlabs-cookie-unblock role=\"button\">Karte laden<\/a><\/p> <p><label><input type=\"checkbox\" name=\"unblockAll\" value=\"1\" checked> <small>Google Maps immer entsperren<\/small><\/label><\/p> <\/div> <\/div> <\/div><div class=\"borlabs-hide\" data-borlabs-cookie-type=\"content-blocker\" data-borlabs-cookie-id=\"googlemaps\"><script type=\"text\/template\">PGlmcmFtZSBsb2FkaW5nPSJsYXp5IgoJCQkJCXNyYz0iaHR0cHM6Ly9tYXBzLmdvb2dsZS5jb20vbWFwcz9xPUVkdWFyZCUyMEFzdC1TdHJhJUMzJTlGZSUyMDExJTJDJTIwODA3MyUyMEZlbGRraXJjaGVuJTIwYmVpJTIwR3JheiYjMDM4O3Q9bSYjMDM4O3o9MTQmIzAzODtvdXRwdXQ9ZW1iZWQmIzAzODtpd2xvYz1uZWFyIgoJCQkJCXRpdGxlPSJFZHVhcmQgQXN0LVN0cmHDn2UgMTEsIDgwNzMgRmVsZGtpcmNoZW4gYmVpIEdyYXoiCgkJCQkJYXJpYS1sYWJlbD0iRWR1YXJkIEFzdC1TdHJhw59lIDExLCA4MDczIEZlbGRraXJjaGVuIGJlaSBHcmF6IgoJCQk+PC9pZnJhbWU+<\/script><\/div><\/div>\n\t\t<\/div>\n\t\t\t\t\t\t<\/div>\n\t\t\t\t<\/div>\n\t\t\t\t<\/div>\n\t\t\t\t<\/div>\n\t\t<div class=\"elementor-element elementor-element-247cea1 e-con-full e-flex e-con e-parent\" data-id=\"247cea1\" data-element_type=\"container\">\n\t\t<div class=\"elementor-element elementor-element-47f7168 e-con-full border-bottom border-color-8 e-flex e-con e-child\" data-id=\"47f7168\" data-element_type=\"container\">\n\t\t<div class=\"elementor-element elementor-element-dbc13f7 col e-con-full e-flex e-con e-child\" data-id=\"dbc13f7\" data-element_type=\"container\">\n\t\t<div class=\"elementor-element elementor-element-d5a8028 e-con-full e-flex e-con e-child\" data-id=\"d5a8028\" data-element_type=\"container\">\n\t\t<div class=\"elementor-element elementor-element-c32b198 e-con-full e-flex e-con e-child\" data-id=\"c32b198\" data-element_type=\"container\">\n\t\t\t\t<div class=\"elementor-element elementor-element-ede74e2 elementor-widget__width-initial elementor-view-default elementor-widget elementor-widget-icon\" data-id=\"ede74e2\" data-element_type=\"widget\" data-widget_type=\"icon.default\">\n\t\t\t\t<div class=\"elementor-widget-container\">\n\t\t\t\t\t\t\t<div class=\"elementor-icon-wrapper\">\n\t\t\t<div class=\"elementor-icon\">\n\t\t\t<svg xmlns=\"http:\/\/www.w3.org\/2000\/svg\" id=\"Ebene_2\" data-name=\"Ebene 2\" viewBox=\"0 0 375.6 393.1\"><defs><style>      .cls-1 {        stroke-width: 0px;      }    <\/style><\/defs><circle class=\"cls-1\" cx=\"112.8\" cy=\"283.3\" r=\"106.6\"><\/circle><circle class=\"cls-1\" cx=\"210.9\" cy=\"85.2\" r=\"79\"><\/circle><circle class=\"cls-1\" cx=\"62.1\" cy=\"103.9\" r=\"50.7\"><\/circle><circle class=\"cls-1\" cx=\"290.3\" cy=\"277.5\" r=\"50.7\"><\/circle><circle class=\"cls-1\" cx=\"336.1\" cy=\"134.7\" r=\"21.4\" transform=\"translate(83.9 394.5) rotate(-67.7)\"><\/circle><\/svg>\t\t\t<\/div>\n\t\t<\/div>\n\t\t\t\t\t\t<\/div>\n\t\t\t\t<\/div>\n\t\t<div class=\"elementor-element elementor-element-aee09f0 e-con-full e-flex e-con e-child\" data-id=\"aee09f0\" data-element_type=\"container\">\n\t\t\t\t<div class=\"elementor-element elementor-element-d59c8d2 elementor-widget elementor-widget-heading\" data-id=\"d59c8d2\" data-element_type=\"widget\" data-widget_type=\"heading.default\">\n\t\t\t\t<div class=\"elementor-widget-container\">\n\t\t\t\t\t<h6 class=\"elementor-heading-title elementor-size-default\">... f\u00fcr einen erotischen Kurztrip an einen Ort, wo man f\u00fcr ein paar Stunden die Zweisamkeit genie\u00dfen kann.<\/h6>\t\t\t\t<\/div>\n\t\t\t\t<\/div>\n\t\t\t\t<div class=\"elementor-element elementor-element-9023b5d elementor-widget__width-auto elementor-widget elementor-widget-heading\" data-id=\"9023b5d\" data-element_type=\"widget\" data-widget_type=\"heading.default\">\n\t\t\t\t<div class=\"elementor-widget-container\">\n\t\t\t\t\t<h2 class=\"elementor-heading-title elementor-size-default\">Kontaktiert uns<\/h2>\t\t\t\t<\/div>\n\t\t\t\t<\/div>\n\t\t\t\t<\/div>\n\t\t\t\t<\/div>\n\t\t\t\t<\/div>\n\t\t<div class=\"elementor-element elementor-element-adc38e0 e-con-full e-flex e-con e-child\" data-id=\"adc38e0\" data-element_type=\"container\">\n\t\t<div class=\"elementor-element elementor-element-a491606 e-con-full e-flex e-con e-child\" data-id=\"a491606\" data-element_type=\"container\">\n\t\t\t\t<div class=\"elementor-element elementor-element-e7ea274 elementor-view-default elementor-widget elementor-widget-icon\" data-id=\"e7ea274\" data-element_type=\"widget\" data-widget_type=\"icon.default\">\n\t\t\t\t<div class=\"elementor-widget-container\">\n\t\t\t\t\t\t\t<div class=\"elementor-icon-wrapper\">\n\t\t\t<div class=\"elementor-icon\">\n\t\t\t<svg aria-hidden=\"true\" class=\"e-font-icon-svg e-far-address-card\" viewBox=\"0 0 576 512\" xmlns=\"http:\/\/www.w3.org\/2000\/svg\"><path d=\"M528 32H48C21.5 32 0 53.5 0 80v352c0 26.5 21.5 48 48 48h480c26.5 0 48-21.5 48-48V80c0-26.5-21.5-48-48-48zm0 400H48V80h480v352zM208 256c35.3 0 64-28.7 64-64s-28.7-64-64-64-64 28.7-64 64 28.7 64 64 64zm-89.6 128h179.2c12.4 0 22.4-8.6 22.4-19.2v-19.2c0-31.8-30.1-57.6-67.2-57.6-10.8 0-18.7 8-44.8 8-26.9 0-33.4-8-44.8-8-37.1 0-67.2 25.8-67.2 57.6v19.2c0 10.6 10 19.2 22.4 19.2zM360 320h112c4.4 0 8-3.6 8-8v-16c0-4.4-3.6-8-8-8H360c-4.4 0-8 3.6-8 8v16c0 4.4 3.6 8 8 8zm0-64h112c4.4 0 8-3.6 8-8v-16c0-4.4-3.6-8-8-8H360c-4.4 0-8 3.6-8 8v16c0 4.4 3.6 8 8 8zm0-64h112c4.4 0 8-3.6 8-8v-16c0-4.4-3.6-8-8-8H360c-4.4 0-8 3.6-8 8v16c0 4.4 3.6 8 8 8z\"><\/path><\/svg>\t\t\t<\/div>\n\t\t<\/div>\n\t\t\t\t\t\t<\/div>\n\t\t\t\t<\/div>\n\t\t\t\t<div class=\"elementor-element elementor-element-0a20022 elementor-widget elementor-widget-highlighted-heading\" data-id=\"0a20022\" data-element_type=\"widget\" data-widget_type=\"highlighted-heading.default\">\n\t\t\t\t<div class=\"elementor-widget-container\">\n\t\t\t\t\t<h5 class=\"mytravel-elementor-highlighted-heading__title default\">So findet ihr uns<\/h5>\t\t\t\t<\/div>\n\t\t\t\t<\/div>\n\t\t\t\t<div class=\"elementor-element elementor-element-9400c4c elementor-widget elementor-widget-highlighted-heading\" data-id=\"9400c4c\" data-element_type=\"widget\" data-widget_type=\"highlighted-heading.default\">\n\t\t\t\t<div class=\"elementor-widget-container\">\n\t\t\t\t\t<p class=\"mytravel-elementor-highlighted-heading__title\">Eduard-Ast-Stra\u00dfe 11 <br> 8073 Feldkirchen bei Graz <br><a href=\"tel:+43313555577\">+43 3135 55577 <\/a><br> <a href=\"mailto:rooms@soho-graz.at\">rooms@soho-graz.at<\/a> <br>  <br><b> 5 Minuten vom Flughafen Graz <\/b><\/p>\t\t\t\t<\/div>\n\t\t\t\t<\/div>\n\t\t\t\t<\/div>\n\t\t<div class=\"elementor-element elementor-element-ae7d395 e-con-full e-flex e-con e-child\" data-id=\"ae7d395\" data-element_type=\"container\">\n\t\t\t\t<div class=\"elementor-element elementor-element-4e95ab8 elementor-view-default elementor-widget elementor-widget-icon\" data-id=\"4e95ab8\" data-element_type=\"widget\" data-widget_type=\"icon.default\">\n\t\t\t\t<div class=\"elementor-widget-container\">\n\t\t\t\t\t\t\t<div class=\"elementor-icon-wrapper\">\n\t\t\t<div class=\"elementor-icon\">\n\t\t\t<svg aria-hidden=\"true\" class=\"e-font-icon-svg e-far-clock\" viewBox=\"0 0 512 512\" xmlns=\"http:\/\/www.w3.org\/2000\/svg\"><path d=\"M256 8C119 8 8 119 8 256s111 248 248 248 248-111 248-248S393 8 256 8zm0 448c-110.5 0-200-89.5-200-200S145.5 56 256 56s200 89.5 200 200-89.5 200-200 200zm61.8-104.4l-84.9-61.7c-3.1-2.3-4.9-5.9-4.9-9.7V116c0-6.6 5.4-12 12-12h32c6.6 0 12 5.4 12 12v141.7l66.8 48.6c5.4 3.9 6.5 11.4 2.6 16.8L334.6 349c-3.9 5.3-11.4 6.5-16.8 2.6z\"><\/path><\/svg>\t\t\t<\/div>\n\t\t<\/div>\n\t\t\t\t\t\t<\/div>\n\t\t\t\t<\/div>\n\t\t\t\t<div class=\"elementor-element elementor-element-d948d94 elementor-widget elementor-widget-highlighted-heading\" data-id=\"d948d94\" data-element_type=\"widget\" data-widget_type=\"highlighted-heading.default\">\n\t\t\t\t<div class=\"elementor-widget-container\">\n\t\t\t\t\t<h5 class=\"mytravel-elementor-highlighted-heading__title\">Check-in Zeiten<\/h5>\t\t\t\t<\/div>\n\t\t\t\t<\/div>\n\t\t\t\t<div class=\"elementor-element elementor-element-5fd6fc8 elementor-widget elementor-widget-highlighted-heading\" data-id=\"5fd6fc8\" data-element_type=\"widget\" data-widget_type=\"highlighted-heading.default\">\n\t\t\t\t<div class=\"elementor-widget-container\">\n\t\t\t\t\t<p class=\"mytravel-elementor-highlighted-heading__title\">Montag \u2013 Freitag 09:00 \u2013 21:00 <br> Samstag 09:00 \u2013 20:00 <br> Sonn- &amp; Feiertage geschlossen!<\/p>\t\t\t\t<\/div>\n\t\t\t\t<\/div>\n\t\t\t\t<\/div>\n\t\t<div class=\"elementor-element elementor-element-9382b5f e-con-full e-flex e-con e-child\" data-id=\"9382b5f\" data-element_type=\"container\">\n\t\t\t\t<div class=\"elementor-element elementor-element-04a90c3 elementor-view-default elementor-widget elementor-widget-icon\" data-id=\"04a90c3\" data-element_type=\"widget\" data-widget_type=\"icon.default\">\n\t\t\t\t<div class=\"elementor-widget-container\">\n\t\t\t\t\t\t\t<div class=\"elementor-icon-wrapper\">\n\t\t\t<div class=\"elementor-icon\">\n\t\t\t<svg aria-hidden=\"true\" class=\"e-font-icon-svg e-fas-phone-alt\" viewBox=\"0 0 512 512\" xmlns=\"http:\/\/www.w3.org\/2000\/svg\"><path d=\"M497.39 361.8l-112-48a24 24 0 0 0-28 6.9l-49.6 60.6A370.66 370.66 0 0 1 130.6 204.11l60.6-49.6a23.94 23.94 0 0 0 6.9-28l-48-112A24.16 24.16 0 0 0 122.6.61l-104 24A24 24 0 0 0 0 48c0 256.5 207.9 464 464 464a24 24 0 0 0 23.4-18.6l24-104a24.29 24.29 0 0 0-14.01-27.6z\"><\/path><\/svg>\t\t\t<\/div>\n\t\t<\/div>\n\t\t\t\t\t\t<\/div>\n\t\t\t\t<\/div>\n\t\t\t\t<div class=\"elementor-element elementor-element-567a545 elementor-widget elementor-widget-highlighted-heading\" data-id=\"567a545\" data-element_type=\"widget\" data-widget_type=\"highlighted-heading.default\">\n\t\t\t\t<div class=\"elementor-widget-container\">\n\t\t\t\t\t<h5 class=\"mytravel-elementor-highlighted-heading__title\">Telefonische Reservierung<\/h5>\t\t\t\t<\/div>\n\t\t\t\t<\/div>\n\t\t\t\t<div class=\"elementor-element elementor-element-7fcbe74 elementor-widget__width-initial elementor-widget elementor-widget-highlighted-heading\" data-id=\"7fcbe74\" data-element_type=\"widget\" data-widget_type=\"highlighted-heading.default\">\n\t\t\t\t<div class=\"elementor-widget-container\">\n\t\t\t\t\t<p class=\"mytravel-elementor-highlighted-heading__title\">Montag \u2013 Freitag  09:00 \u2013 21:00 <br> Samstag 09:00 \u2013 20:00<br> unter: <br><a href=\"tel:+43313555577\">+43 3135 55577 <\/a> <\/p>\t\t\t\t<\/div>\n\t\t\t\t<\/div>\n\t\t\t\t<\/div>\n\t\t\t\t<\/div>\n\t\t\t\t<\/div>\n\t\t<div class=\"elementor-element elementor-element-c1f3215 col-12  e-con-full e-flex e-con e-child\" data-id=\"c1f3215\" data-element_type=\"container\" data-settings=\"{&quot;background_background&quot;:&quot;classic&quot;}\">\n\t\t\t\t<\/div>\n\t\t\t\t<\/div>\n\t\t\t\t<\/div>\n\t\t\t\t<\/div>\n\t\t","protected":false},"excerpt":{"rendered":"Mit dem Laden der Karte akzeptieren Sie die Datenschutzerkl\u00e4rung von Google.Mehr erfahren Karte laden Google Maps immer entsperren &#8230; f\u00fcr einen erotischen Kurztrip an einen Ort, wo man f\u00fcr ein paar Stunden die Zweisamkeit genie\u00dfen kann. Kontaktiert uns So findet ihr uns Eduard-Ast-Stra\u00dfe 11 8073 Feldkirchen bei Graz +43 3135 55577 rooms@soho-graz.at 5 Minuten vom&#8230;","protected":false},"author":1,"featured_media":0,"parent":0,"menu_order":0,"comment_status":"closed","ping_status":"closed","template":"elementor_header_footer","meta":{"_acf_changed":false,"footnotes":""},"class_list":["post-13450","page","type-page","status-publish","hentry"],"acf":[],"_links":{"self":[{"href":"https:\/\/s-rooms.devconnect.at\/index.php?rest_route=\/wp\/v2\/pages\/13450","targetHints":{"allow":["GET"]}}],"collection":[{"href":"https:\/\/s-rooms.devconnect.at\/index.php?rest_route=\/wp\/v2\/pages"}],"about":[{"href":"https:\/\/s-rooms.devconnect.at\/index.php?rest_route=\/wp\/v2\/types\/page"}],"author":[{"embeddable":true,"href":"https:\/\/s-rooms.devconnect.at\/index.php?rest_route=\/wp\/v2\/users\/1"}],"replies":[{"embeddable":true,"href":"https:\/\/s-rooms.devconnect.at\/index.php?rest_route=%2Fwp%2Fv2%2Fcomments&post=13450"}],"version-history":[{"count":295,"href":"https:\/\/s-rooms.devconnect.at\/index.php?rest_route=\/wp\/v2\/pages\/13450\/revisions"}],"predecessor-version":[{"id":71462,"href":"https:\/\/s-rooms.devconnect.at\/index.php?rest_route=\/wp\/v2\/pages\/13450\/revisions\/71462"}],"wp:attachment":[{"href":"https:\/\/s-rooms.devconnect.at\/index.php?rest_route=%2Fwp%2Fv2%2Fmedia&parent=13450"}],"curies":[{"name":"wp","href":"https:\/\/api.w.org\/{rel}","templated":true}]}}